culate the remainder when 13556 is divided by 6774.
8
What is the remainder when 987 is divided by 23?
21
Calculate the remainder when 2998 is divided by 228.
34
What is the remainder when 6084 is divided by 678?
660
Calculate the remainder when 1885 is divided by 52.
13
What is the remainder when 110290 is divided by 513?
508
What is the remainder when 1474 is divided by 402?
268
Calculate the remainder when 985956 is divided by 53.
50
Calculate the remainder when 1756 is divided by 915.
841
What is the remainder when 10667 is divided by 299?
202
Calculate the remainder when 1101562 is divided by 866.
10
Calculate the remainder when 30017 is divided by 349.
3
What is the remainder when 16408 is divided by 573?
364
What is the remainder when 40052 is divided by 4448?
20
Calculate the remainder when 552453 is divided by 46.
39
Calculate the remainder when 1746 is divided by 1023.
723
Calculate the remainder when 101737 is divided by 50845.
47
Calculate the remainder when 1028764 is divided by 87.
76
Calculate the remainder when 11567 is divided by 163.
157
Calculate the remainder when 7104 is divided by 37.
0
Calculate the remainder when 15202 is divided by 3776.
98
Calculate the remainder when 155978 is divided by 2328.
2
Calculate the remainder when 80264 is divided by 1180.
24
Calculate the remainder when 13264 is divided by 373.
209
Calculate the remainder when 6590259 is divided by 866.
865
Calculate the remainder when 64325 is divided by 426.
425
Calculate the remainder when 63818 is divided by 63.
62
What is the remainder when 106016 is divided by 265?
16
Calculate the remainder when 41890 is divided by 287.
275
Calculate the remainder when 193028 is divided by 199.
197
What is the remainder when 85359 is divided by 82?
79
What is the remainder when 1004 is divided by 477?
50
What is the remainder when 2104 is divided by 100?
4
Calculate the remainder when 28699 is divided by 228.
199
Calculate the remainder when 180733 is divided by 321.
10
Calculate the remainder when 26958 is divided by 442.
438
Calculate the remainder when 49875 is divided by 49848.
27
Calculate the remainder when 36726 is divided by 6.
0
What is the remainder when 144209 is divided by 570?
569
What is the remainder when 3275 is divided by 1063?
86
Calculate the remainder when 13222 is divided by 115.
112
What is the remainder when 3395428 is divided by 15?
13
What is the remainder when 2615 is divided by 1301?
13
What is the remainder when 19560 is divided by 84?
72
What is the remainder when 1895 is divided by 1528?
367
What is the remainder when 28463 is divided by 728?
71
What is the remainder when 710322 is divided by 615?
612
What is the remainder when 36489 is divided by 14?
5
What is the remainder when 8364 is divided by 1043?
20
Calculate the remainder when 7727 is divided by 135.
32
What is the remainder when 27536 is divided by 20?
16
Calculate the remainder when 876 is divided by 5.
1
What is the remainder when 14232 is divided by 18?
12
Calculate the remainder when 768282 is divided by 919.
917
Calculate the remainder when 738 is divided by 102.
24
Calculate the remainder when 5613 is divided by 1364.
157
Calculate the remainder when 13763 is divided by 22.
13
Calculate the remainder when 170185 is divided by 42542.
17
Calculate the remainder when 1977205 is divided by 347.
346
Calculate the remainder when 151395 is divided by 101.
97
Calculate the remainder when 2722782 is divided by 680695.
2
Calculate the remainder when 15302 is divided by 7634.
34
Calculate the remainder when 4412 is divided by 482.
74
Calculate the remainder when 8917 is divided by 2957.
46
What is the remainder when 447997 is divided by 200?
197
What is the remainder when 6579 is divided by 1310?
29
What is the remainder when 59146 is divided by 47?
20
What is the remainder when 1439 is divided by 1428?
11
What is the remainder when 1080435 is divided by 41?
3
What is the remainder when 24091 is divided by 251?
246
Calculate the remainder when 20377 is divided by 1009.
197
What is the remainder when 3527 is divided by 1670?
187
Calculate the remainder when 2340 is divided by 19.
3
What is the remainder when 7114 is divided by 1761?
70
Calculate the remainder when 3632 is divided by 244.
216
Calculate the remainder when 330423 is divided by 110140.
3
Calculate the remainder when 10811 is divided by 10749.
62
What is the remainder when 21407 is divided by 182?
113
Calculate the remainder when 234925 is divided by 24.
13
What is the remainder when 134953 is divided by 4?
1
What is the remainder when 7350 is divided by 115?
105
Calculate the remainder when 25091 is divided by 94.
87
What is the remainder when 47893 is divided by 49?
20
Calculate the remainder when 1520797 is divided by 40.
37
What is the remainder when 20917 is divided by 168?
85
Calculate the remainder when 204172 is divided by 56.
52
What is the remainder when 4029 is divided by 115?
4
What is the remainder when 1964 is divided by 647?
23
What is the remainder when 9116 is divided by 337?
17
What is the remainder when 11076 is divided by 500?
76
What is the remainder when 1910768 is divided by 229?
221
What is the remainder when 35606 is divided by 19?
0
What is the remainder when 1571 is divided by 581?
409
What is the remainder when 36719 is divided by 16?
15
Calculate the remainder when 770017 is divided by 287.
283
Calculate the remainder when 204658 is divided by 270.
268
Calculate the remainder when 97874 is divided by 45.
44
Calculate the remainder when 4987 is divided by 352.
59
What is the remainder when 2435 is divided by 14?
13
Calculate the remainder when 3092961 is divided by 269.
268
What is the remainder when 17008 is divided by 162?
160
Calculate the remainder when 64198 is divided by 246.
238
What is the remainder when 7355 is divided by 1838?
3
What is the remainder when 425795 is divided by 4784?
19
Calculate the remainder when 36425 is divided by 3311.
4
Calculate the remainder when 8125 is divided by 114.
31
What is the remainder when 76574 is divided by 345?
329
What is the remainder when 927077 is divided by 280?
277
Calculate the remainder when 732 is divided by 266.
200
Calculate the remainder when 115937 is divided by 170.
167
Calculate the remainder when 20227 is divided by 6686.
169
What is the remainder when 43206 is divided by 3314?
124
What is the remainder when 72 is divided by 21?
9
What is the remainder when 13883 is divided by 726?
89
What is the remainder when 1068 is divided by 110?
78
What is the remainder when 357912 is divided by 7456?
24
What is the remainder when 2862 is divided by 36?
18
Calculate the remainder when 73364 is divided by 2934.
14
What is the remainder when 5936 is divided by 50?
36
Calculate the remainder when 7836 is divided by 253.
246
What is the remainder when 832 is divided by 612?
220
What is the remainder when 5824 is divided by 905?
394
What is the remainder when 858819 is divided by 20?
19
What is the remainder when 25975 is divided by 313?
309
Calculate the remainder when 3713 is divided by 76.
65
What is the remainder when 13780 is divided by 134?
112
What is the remainder when 7950 is divided by 144?
30
Calculate the remainder when 10743 is divided by 66.
51
Calculate the remainder when 92504 is divided by 6.
2
What is the remainder when 419930 is divided by 3620?
10
Calculate the remainder when 98503 is divided by 49119.
265
What is the remainder when 8003 is divided by 2667?
2
What is the remainder when 408316 is divided by 580?
576
Calculate the remainder when 48151 is divided by 104.
103
What is the remainder when 5207 is divided by 65?
7
Calculate the remainder when 3821 is divided by 898.
229
Calculate the remainder when 349723 is divided by 51.
16
What is the remainder when 8099 is divided by 43?
15
Calculate the remainder when 12634 is divided by 3019.
558
What is the remainder when 4483 is divided by 111?
43
What is the remainder when 2905727 is divided by 32?
31
Calculate the remainder when 7197 is divided by 289.
261
What is the remainder when 11122 is divided by 777?
244
Calculate the remainder when 565 is divided by 79.
12
Calculate the remainder when 9109 is divided by 128.
21
Calculate the remainder when 1172 is divided by 1007.